{"id":8,"date":"2017-02-19T20:03:31","date_gmt":"2017-02-19T20:03:31","guid":{"rendered":"http:\/\/wp12714139.server-he.de\/?page_id=8"},"modified":"2026-04-10T10:38:43","modified_gmt":"2026-04-10T10:38:43","slug":"herzlich-willkommen","status":"publish","type":"page","link":"http:\/\/wp12714139.server-he.de\/","title":{"rendered":"Herzlich Willkommen und Service"},"content":{"rendered":"\n<div class=\"\" data-block=\"true\" data-editor=\"dsel3\" data-offset-key=\"34s7a-0-0\">&nbsp;<\/div>\n\n\n\n<p>Liebe Neckarauerinnen und Neckarauer sowie alle weiteren Interessierten dieser Seite,<\/p>\n\n\n\n<p><span class=\"xr_tl xr_s2\">wir freuen uns, dass Sie unsere Homepage besuchen.<\/span> <span class=\"xr_tl xr_s2\">Sie finden hier alle Mitgliedsvereine und Institutionen, die in der <\/span><span class=\"xr_tl xr_s2\">Interessengemeinschaft Neckarauer Vereine vertreten sind.<\/span> <span class=\"xr_tl xr_s2\">Infos \u00fcber die Vereine k\u00f6nnen Sie hier \u00fcber die entsprechenden<\/span><span class=\"xr_tl xr_s2\"> Links abrufen.<\/span> <span class=\"xr_tl xr_s2\">Der Terminkalender informiert Sie \u00fcber Veranstaltungen.<\/span><\/p>\n\n\n\n<figure class=\"wp-block-image\"><a href=\"http:\/\/wp12714139.server-he.de\/wp-content\/uploads\/2017\/02\/490.jpg\"><img decoding=\"async\" loading=\"lazy\" width=\"176\" height=\"132\" src=\"http:\/\/wp12714139.server-he.de\/wp-content\/uploads\/2017\/02\/490.jpg\" alt=\"\" class=\"wp-image-11\"\/><\/a><\/figure>\n\n\n\n<figure class=\"wp-block-image\"><a href=\"http:\/\/wp12714139.server-he.de\/wp-content\/uploads\/2017\/02\/489.jpg\"><img decoding=\"async\" loading=\"lazy\" width=\"176\" height=\"141\" src=\"http:\/\/wp12714139.server-he.de\/wp-content\/uploads\/2017\/02\/489.jpg\" alt=\"\" class=\"wp-image-10\"\/><\/a><\/figure>\n\n\n\n<figure class=\"wp-block-image\"><a href=\"http:\/\/wp12714139.server-he.de\/wp-content\/uploads\/2017\/02\/479.jpg\"><img decoding=\"async\" loading=\"lazy\" width=\"176\" height=\"132\" src=\"http:\/\/wp12714139.server-he.de\/wp-content\/uploads\/2017\/02\/479.jpg\" alt=\"\" class=\"wp-image-9\"\/><\/a><\/figure>\n\n\n\n<figure class=\"wp-block-image\"><a href=\"http:\/\/wp12714139.server-he.de\/wp-content\/uploads\/2017\/02\/IG_header.jpg\"><img decoding=\"async\" loading=\"lazy\" width=\"240\" height=\"120\" src=\"http:\/\/wp12714139.server-he.de\/wp-content\/uploads\/2017\/02\/IG_header.jpg\" alt=\"\" class=\"wp-image-6\"\/><\/a><\/figure>\n\n\n\n<p>Hier finden Sie wichtige Formulare f\u00fcr unsere Mitgliedsvereine im Jahr 2026:<\/p>\n\n\n\n<div class=\"wp-block-file\"><a id=\"wp-block-file--media-2ec50311-2aa2-458c-b53a-66f19bc66d16\" href=\"http:\/\/wp12714139.server-he.de\/wp-content\/uploads\/2026\/04\/IG-Adressaenderungsformular-aktuell.doc\">IG-Adressaenderungsformular-aktuell<\/a><a href=\"http:\/\/wp12714139.server-he.de\/wp-content\/uploads\/2026\/04\/IG-Adressaenderungsformular-aktuell.doc\" class=\"wp-block-file__button wp-element-button\" download aria-describedby=\"wp-block-file--media-2ec50311-2aa2-458c-b53a-66f19bc66d16\">Herunterladen<\/a><\/div>\n\n\n\n<div class=\"wp-block-file\"><a id=\"wp-block-file--media-ef2a9759-d0d2-4a93-b85d-bdc7ed4f5d3d\" href=\"http:\/\/wp12714139.server-he.de\/wp-content\/uploads\/2026\/04\/IG-Terminmeldeformular-aktuell.doc\">IG-Terminmeldeformular-aktuell<\/a><a href=\"http:\/\/wp12714139.server-he.de\/wp-content\/uploads\/2026\/04\/IG-Terminmeldeformular-aktuell.doc\" class=\"wp-block-file__button wp-element-button\" download aria-describedby=\"wp-block-file--media-ef2a9759-d0d2-4a93-b85d-bdc7ed4f5d3d\">Herunterladen<\/a><\/div>\n\n\n\n<p><\/p>\n\n\n\n<p><\/p>\n\n\n\n<p>Mitglied werden? Ein formloser Antrag an den Vorstand und schon geht es los. Neuaufnahmen beschlie\u00dft immer die n\u00e4chste Mitgliederversammlung, so sieht es unsere <a href=\"http:\/\/wp12714139.server-he.de\/wp-content\/uploads\/2023\/05\/Satzung-neu.pdf\" data-type=\"URL\" data-id=\"http:\/\/wp12714139.server-he.de\/wp-content\/uploads\/2023\/05\/Satzung-neu.pdf\">Satzung<\/a> vor: <\/p>\n\n\n\n<div class=\"is-layout-flex wp-container-2 wp-block-columns\">\n<div class=\"is-layout-flow wp-block-column\" style=\"flex-basis:100%\"><\/div>\n<\/div>\n","protected":false},"excerpt":{"rendered":"<p>&nbsp; Liebe Neckarauerinnen und Neckarauer sowie alle weiteren Interessierten dieser Seite, wir freuen uns, dass Sie unsere Homepage besuchen. Sie finden hier alle Mitgliedsvereine und Institutionen, die in der Interessengemeinschaft Neckarauer Vereine vertreten sind. Infos \u00fcber die Vereine k\u00f6nnen Sie hier \u00fcber die entsprechenden Links abrufen. Der Terminkalender informiert Sie \u00fcber Veranstaltungen. Hier finden Sie &#8230;<\/p>\n","protected":false},"author":1,"featured_media":0,"parent":0,"menu_order":0,"comment_status":"closed","ping_status":"closed","template":"","meta":[],"_links":{"self":[{"href":"http:\/\/wp12714139.server-he.de\/index.php?rest_route=\/wp\/v2\/pages\/8"}],"collection":[{"href":"http:\/\/wp12714139.server-he.de\/index.php?rest_route=\/wp\/v2\/pages"}],"about":[{"href":"http:\/\/wp12714139.server-he.de\/index.php?rest_route=\/wp\/v2\/types\/page"}],"author":[{"embeddable":true,"href":"http:\/\/wp12714139.server-he.de\/index.php?rest_route=\/wp\/v2\/users\/1"}],"replies":[{"embeddable":true,"href":"http:\/\/wp12714139.server-he.de\/index.php?rest_route=%2Fwp%2Fv2%2Fcomments&post=8"}],"version-history":[{"count":50,"href":"http:\/\/wp12714139.server-he.de\/index.php?rest_route=\/wp\/v2\/pages\/8\/revisions"}],"predecessor-version":[{"id":1299,"href":"http:\/\/wp12714139.server-he.de\/index.php?rest_route=\/wp\/v2\/pages\/8\/revisions\/1299"}],"wp:attachment":[{"href":"http:\/\/wp12714139.server-he.de\/index.php?rest_route=%2Fwp%2Fv2%2Fmedia&parent=8"}],"curies":[{"name":"wp","href":"https:\/\/api.w.org\/{rel}","templated":true}]}}